s/16). Suppose w = 2*v - 22. What is the remainder when 26 is divided by v?
12
Let f = -31 - -42. Calculate the remainder when f is divided by 8.
3
Suppose 0 = -3*b + 3*v - 15, b + 3*v - 6 - 1 = 0. Let i be ((-1)/b)/((-4)/(-24)). Suppose -i*q + 6 = -33. Calculate the remainder when 38 is divided by q.
12
Suppose -i + 0*l = 4*l - 33, -i + 13 = -l. Calculate the remainder when 33 is divided by i.
16
Suppose 5*g = 4*p - 139, 0*g = p + 5*g - 41. Let d = 5 + 8. What is the remainder when p is divided by d?
10
Let l = -12 - -34. Suppose 3*k = 2*k + 8. Calculate the remainder when l is divided by k.
6
What is the remainder when 65 is divided by 3/(-1) + -2 + 5 + 23?
19
Let a(l) = 49*l**3 + 1. Calculate the remainder when a(1) is divided by 13.
11
Suppose 4*i + 3*p - 79 - 5 = 0, -63 = -3*i + 5*p. Calculate the remainder when i is divided by 11.
10
Suppose 0 = -y + 3*y + 40. Calculate the remainder when (y - -1)/(2/(-4)) is divided by 13.
12
Suppose 5*l - 3*n - 12 = -n, -5*l = 5*n - 5. Let k(a) = a + 1 - 4*a**2 + a**l + 2*a**2 + 0*a**2. Calculate the remainder when 1 is divided by k(0).
0
Let a(d) = -d**3 - 7*d**2 + 16*d + 9. Calculate the remainder when a(-9) is divided by (-144)/(-15) + (-4)/(-10).
7
Suppose t - 29 = -2*n - 0, 2*n + 87 = 3*t. Let h = 17 + -2. What is the remainder when t is divided by h?
14
Suppose 16 = 2*i - 4. Suppose 5*z - 5 = 0, -5*a + 2*z - 4*z = -32. What is the remainder when i is divided by a?
4
Suppose 2 = -5*m - 8. Suppose 4*a = 4 - 0. What is the remainder when 20 is divided by 11*(-1 - a*m)?
9
Let b(s) = 4*s - 3*s - s**2 - 27*s**3 + 0*s + 1. Let r(m) = m - 1. Let d be r(0). What is the remainder when b(d) is divided by 9?
8
Suppose -m - 3 = -0. Calculate the remainder when (-52)/m*(-15)/(-10) is divided by ((-18)/(-4))/(5/10).
8
What is the remainder when 314/8 - (-15)/20 is divided by 21?
19
Let a(n) = 3*n**2 - 3*n - 1. Let v be a(-6). Suppose -v = -5*t - 5*b, -t + 16 + 11 = -b. Calculate the remainder when t is divided by 9.
8
Suppose -27 - 33 = -4*h. Suppose 19 = -2*v + 4*f + 5, -4*v = 3*f + 39. Calculate the remainder when h is divided by (-60)/v - (-4)/(-6).
3
Let h(w) = 12*w**3 + 3*w - 2. Let s be h(2). Suppose -2*i + 3*c + s = c, i - 25 = -4*c. What is the remainder when i is divided by -12*(-1)/(3 - 2)?
9
Let o(g) = -5*g + 2. Calculate the remainder when 4/(-22) + (-4368)/(-66) is divided by o(-3).
15
Suppose 0 = -11*u + 8*u + 21. Calculate the remainder when 10 is divided by u.
3
Let t(f) = -f + 7. Let w be t(11). Let d = w + 5. Calculate the remainder when d/((-10)/12 - -1) is divided by 2.
0
Let n be (-1 - (-9)/6)*6. Suppose 3*s = 4*p - 94, 3*p - 77 = -n*s + 4. Calculate the remainder when p is divided by 9.
7
Let t = 1 - 1. Suppose 5*i = -4*o + 25, -4*o + t*i = -2*i - 46. Calculate the remainder when o is divided by 3.
1
Let t(c) = 2*c**2 + 3*c + 4. Calculate the remainder when t(-7) is divided by 14.
11
Suppose 0*c + 3*c - 174 = 5*u, c + u - 58 = 0. What is the remainder when c is divided by 6?
4
Let y = -3 - -3. Suppose 0 = 2*l - y*l - 6. Suppose -l*j + 60 = -9. Calculate the remainder when j is divided by 8.
7
Suppose 2*a + 8 = -0. Let i = a - -6. Suppose i = -4*v + 10. Calculate the remainder when v is divided by 1.
0
Let n(z) = -z**2 - 11*z - 10. Let q be (-2)/6 + (-184)/24. Calculate the remainder when n(q) is divided by 5.
4
Let i(f) = -f**3 - 8*f**2 - 5*f - 34. Calculate the remainder when 10 is divided by i(-8).
4
Let l(a) = a**2 - 2*a. Let n be l(2). Suppose 4*d + 5*k - 75 = n, -3*d - k - 3*k = -57. Suppose -2*j = -d - 7. Calculate the remainder when 21 is divided by j.
10
Suppose 0 = 2*w - 26 - 2. Calculate the remainder when 55 is divided by w.
13
Let j be 14/8 - (-3)/12. Suppose -j*d = -d - 27. What is the remainder when d is divided by 7?
6
Let o(a) = -a**2. Let z be o(1). Let d(m) = -2*m. Let r be d(z). Suppose r = 3*j - 4*g, 2*j - 5*g = 7*j - 15. Calculate the remainder when 3 is divided by j.
1
Let l = 14 + 3. Let x(p) = 2 - 3 - 3 + 9*p. Calculate the remainder when x(4) is divided by l.
15
Let c(o) = 77*o**2 + 2*o - 1. Let s = 23 + -3. Calculate the remainder when c(1) is divided by s.
18
Let k = -16 - -23. Calculate the remainder when 47 is divided by (-4)/(-14) - (-110)/k.
15
Let g(j) = -j + 15. Calculate the remainder when g(-7) is divided by 6.
4
Let s be -138 + 1/((-1)/(-2)). Let c = s - -2. Calculate the remainder when 2/8 + c/(-8) is divided by 6.
5
Suppose 2*f - 4*f - 5*i = 57, 5*i = f + 51. Calculate the remainder when 53 is divided by 3*-5*f/30.
17
Suppose 53 - 28 = 5*h. Calculate the remainder when h is divided by 3.
2
Let y = 76 + -39. What is the remainder when 184 is divided by y?
36
Suppose 0 = 6*l - 10*l + 68. Let b be (-1)/(-1*1/10). Suppose -2*c + b = -8. Calculate the remainder when l is divided by c.
8
Let o(g) = -g**2 + g. Let m(y) = -y**3 + 3*y**2 + 7*y + 5. Let d(f) = m(f) - 4*o(f). Calculate the remainder when d(6) is divided by 20.
19
Suppose 5*j - 285 = 2*j. Suppose t + 13 = j. Calculate the remainder when t is divided by 21.
19
Suppose -u = -20 - 0. Let i(p) = -9*p - u*p - 3*p. What is the remainder when i(-1) is divided by 17?
15
Suppose 2*n - 44 = 28. What is the remainder when n is divided by 13?
10
Let a(t) = -t**2 - 7*t. Let z be a(-7). Suppose s = -2, -s = -z*x + 2*x - 2. Suppose x*c = -c + 45. Calculate the remainder when 44 is divided by c.
14
Let y be 9 + 2 + -1 + -1. Suppose t - 5*q = -y, 2*t - 5*q = 1 - 4. Suppose -w + t = -5. Calculate the remainder when w is divided by 4.
3
Suppose -a + 5*a = -5*k + 219, -5*a + 4*k = -243. Suppose -3*h - 2*h = -90. Calculate the remainder when a is divided by h.
15
Let p(h) = h + 8. Let y be p(-8). Suppose y = -3*g - 6 - 0. Calculate the remainder when 7 is divided by (8/g)/(-2 - -1).
3
Suppose -2*v = -6, 3*n + 2*v - 18 = -2*v. Suppose n*b + 30 = 78. What is the remainder when b is divided by 13?
11
Let z(c) = -5*c + 1. What is the remainder when 162 is divided by z(-8)?
39
Let a(f) = f**3 + 5*f**2 + 5. Suppose 5*n + 25 = 0, -4*n + 3 = -3*u + 32. What is the remainder when (-26)/4*(1 - u) is divided by a(-5)?
3
Suppose 3*z - 4*s - 95 = 0, 3*z = -2*s + 4*s + 103. What is the remainder when z is divided by ((-9)/9)/((2/(-26))/1)?
11
Let d = -21 - -57. Let u(a) = a**2 + 9*a + 16. Let o be u(-11). Suppose -5*w = 2*v - o, 5*w + 38 = 2*v - 0*w. Calculate the remainder when d is divided by v.
17
What is the remainder when (-1)/(3 - 94/31) is divided by 16?
15
Suppose -61 = 2*a - 319. Calculate the remainder when a is divided by 33.
30
Let k be (-4 - -12)*5/4. Suppose k = 4*n - 4*h + 2, -8 = 2*h. Let d = n + 12. Calculate the remainder when 18 is divided by d.
8
Suppose -x - 52 = -3*x. Calculate the remainder when 76 is divided by x.
24
Suppose 0 = -3*k - 2*w + 14, -3*k - 18 = -2*k - 5*w. Suppose -5*t + 6 = -k*t. Suppose -3 + 1 = z, -2*y + 2 = 3*z. What is the remainder when y is divided by t?
0
Let h(j) = -6*j - 3. What is the remainder when 26 is divided by h(-2)?
8
Let y be 6/(-1*(0 + -2)). Suppose -r = y*r - 24. Calculate the remainder when 48/((-16)/(-4)) - 2 is divided by r.
4
Suppose -v + 2 + 9 = 0. Suppose -5*m = 3*d - 2*d - 7, d = -m + v. What is the remainder when d is divided by 7?
5
Suppose 4*x = 3*l + 5*x - 233, 309 = 4*l + 3*x. What is the remainder when l is divided by 20?
18
Let k(x) = x. Let y be k(-6). What is the remainder when 2 + (-6 - -2)/(-4) is divided by 4/3 + (-4)/y?
1
Suppose 3 = 3*f - 2*f. Suppose -5*z + 50 = 4*w, 2*z + f*z = 10. Calculate the remainder when w is divided by (0 - -4) + 0/(-2).
2
Suppose 42 = 5*v - 4*n, 3*n = v + v - 14. What is the remainder when (-4)/v + (-21)/(-15) is divided by 1?
0
Let i(l) = -6*l**3 + 2*l**2 - l. Let q be i(1). Let b = q - -5. Suppose -k + s = 2*k - 13, b = 4*k + 5*s + 8. What is the remainder when 8 is divided by k?
2
Let w be 2 - 2 - (-1 - -2). Suppose 5*d - 71 - 84 = 0. Calculate the remainder when d is divided by w/(((-4)/22)/2).
9
Suppose 31*o = 34*o - 33. What is the remainder when ((-2)/5)/((-1)/80) is divided by o?
10
Let b(o) = o**3 - 9*o**2. Let p be b(9). Suppose 2*j - 5*g = 7*j, 4*j - 5*g - 45 = p. What is the remainder when 14 is divided by j?
4
Let p(h) = 3*h**2 + 3. Suppose -5*n - 84 = -n. Let w = n + 37. Calculate the remainder when p(3) is d